{"id":662,"date":"2025-07-19T12:39:25","date_gmt":"2025-07-19T17:39:25","guid":{"rendered":"https:\/\/olympomarket.com\/?post_type=product&#038;p=662"},"modified":"2026-04-01T16:42:43","modified_gmt":"2026-04-01T21:42:43","slug":"basculante-c-cola","status":"publish","type":"product","link":"https:\/\/olympomarket.com\/index.php\/product\/basculante-c-cola\/","title":{"rendered":"Basculante c\/ cola"},"content":{"rendered":"<p data-start=\"70\" data-end=\"416\">El plato basculante con cola est\u00e1 dise\u00f1ado para ofrecer mayor soporte estructural y durabilidad en sillas de oficina, gerenciales o gamer. Su dise\u00f1o incorpora una extensi\u00f3n trasera o \u201ccola\u201d, la cual refuerza la uni\u00f3n entre el mecanismo y el asiento, proporcionando mayor estabilidad y equilibrio durante el uso y la reclinaci\u00f3n.<\/p>\n<p data-start=\"418\" data-end=\"734\">Fabricado en acero de alta resistencia, este sistema garantiza un funcionamiento s\u00f3lido y seguro, ideal para usuarios que buscan una estructura confiable y de larga vida \u00fatil. Adem\u00e1s, su mecanismo de ajuste de altura y reclinaci\u00f3n por balanceo ofrece comodidad ergon\u00f3mica y suavidad en cada movimiento.<\/p>\n<p data-start=\"736\" data-end=\"772\">\u2705 Caracter\u00edsticas principales:<\/p>\n<ul data-start=\"773\" data-end=\"1098\">\n<li data-start=\"773\" data-end=\"812\">\n<p data-start=\"775\" data-end=\"812\">Tipo: Plato basculante con cola<\/p>\n<\/li>\n<li data-start=\"813\" data-end=\"875\">\n<p data-start=\"815\" data-end=\"875\">Funciones: Ajuste de altura y reclinaci\u00f3n por balanceo<\/p>\n<\/li>\n<li data-start=\"876\" data-end=\"930\">\n<p data-start=\"878\" data-end=\"930\">Dise\u00f1o: Cola trasera para refuerzo estructural<\/p>\n<\/li>\n<li data-start=\"931\" data-end=\"984\">\n<p data-start=\"933\" data-end=\"984\">Material: Acero reforzado de alta durabilidad<\/p>\n<\/li>\n<li data-start=\"985\" data-end=\"1046\">\n<p data-start=\"987\" data-end=\"1046\">Compatibilidad: Sillas de oficina, ejecutivas y gamer<\/p>\n<\/li>\n<li data-start=\"1047\" data-end=\"1098\">\n<p data-start=\"1049\" data-end=\"1098\">Mecanismo: Compatible con pistones est\u00e1ndar<\/p>\n<\/li>\n<\/ul>\n<p data-start=\"1100\" data-end=\"1291\" data-is-last-node=\"\" data-is-only-node=\"\">\ud83d\udcba El plato basculante con cola combina firmeza, confort y resistencia avanzada, siendo la elecci\u00f3n perfecta para quienes buscan mayor estabilidad y soporte confiable en su silla.<\/p>\n","protected":false},"excerpt":{"rendered":"<p>El plato basculante con cola est\u00e1 dise\u00f1ado para ofrecer mayor soporte estructural y durabilidad en sillas de oficina, gerenciales o gamer. Su dise\u00f1o incorpora una extensi\u00f3n trasera o \u201ccola\u201d, la cual refuerza la uni\u00f3n entre el mecanismo y el asiento, proporcionando mayor estabilidad y equilibrio durante el uso y la reclinaci\u00f3n.<\/p>\n<p><a href=\"https:\/\/www.facebook.com\/Olympo.CORP\/\" target=\"_blank\" rel=\"noopener\">Visitar las redes de Olympo<\/a><\/p>\n","protected":false},"featured_media":1846,"comment_status":"open","ping_status":"closed","template":"","meta":[],"product_brand":[],"product_cat":[41],"product_tag":[],"class_list":{"0":"post-662","1":"product","2":"type-product","3":"status-publish","4":"has-post-thumbnail","6":"product_cat-platos","7":"product_shipping_class-repuestos","9":"first","10":"instock","11":"taxable","12":"shipping-taxable","13":"purchasable","14":"product-type-simple","15":"add-to-wishlist-before_image"},"_links":{"self":[{"href":"https:\/\/olympomarket.com\/index.php\/wp-json\/wp\/v2\/product\/662","targetHints":{"allow":["GET"]}}],"collection":[{"href":"https:\/\/olympomarket.com\/index.php\/wp-json\/wp\/v2\/product"}],"about":[{"href":"https:\/\/olympomarket.com\/index.php\/wp-json\/wp\/v2\/types\/product"}],"replies":[{"embeddable":true,"href":"https:\/\/olympomarket.com\/index.php\/wp-json\/wp\/v2\/comments?post=662"}],"wp:featuredmedia":[{"embeddable":true,"href":"https:\/\/olympomarket.com\/index.php\/wp-json\/wp\/v2\/media\/1846"}],"wp:attachment":[{"href":"https:\/\/olympomarket.com\/index.php\/wp-json\/wp\/v2\/media?parent=662"}],"wp:term":[{"taxonomy":"product_brand","embeddable":true,"href":"https:\/\/olympomarket.com\/index.php\/wp-json\/wp\/v2\/product_brand?post=662"},{"taxonomy":"product_cat","embeddable":true,"href":"https:\/\/olympomarket.com\/index.php\/wp-json\/wp\/v2\/product_cat?post=662"},{"taxonomy":"product_tag","embeddable":true,"href":"https:\/\/olympomarket.com\/index.php\/wp-json\/wp\/v2\/product_tag?post=662"}],"curies":[{"name":"wp","href":"https:\/\/api.w.org\/{rel}","templated":true}]}}