{"id":1758,"date":"2025-10-01T11:46:23","date_gmt":"2025-10-01T16:46:23","guid":{"rendered":"https:\/\/olympomarket.com\/?post_type=product&#038;p=1758"},"modified":"2026-04-01T15:52:09","modified_gmt":"2026-04-01T20:52:09","slug":"aflojatodo-vistony","status":"publish","type":"product","link":"https:\/\/olympomarket.com\/index.php\/product\/aflojatodo-vistony\/","title":{"rendered":"Aflojatodo Vistony"},"content":{"rendered":"<p>El Aflojatodo Vistony es el aliado perfecto para el mantenimiento y reparaci\u00f3n de tus sillas de oficina, gamer o de hogar. Su f\u00f3rmula especializada ha sido dise\u00f1ada para penetrar r\u00e1pidamente en zonas oxidadas o ajustadas, facilitando la liberaci\u00f3n de piezas atascadas sin da\u00f1ar los componentes.<\/p>\n<p>Es ideal para cuando necesites cambiar repuestos de tu silla, como pistones, ruedas, aspas, bases o mecanismos, ya que reduce la fricci\u00f3n y ayuda a separar las partes de forma m\u00e1s sencilla. De esta manera, evita esfuerzos innecesarios y prolonga la vida \u00fatil de los componentes.<\/p>\n<p>Entre sus principales beneficios se destacan:<\/p>\n<p>Acci\u00f3n r\u00e1pida: penetra en segundos en tornillos, uniones y piezas ajustadas.<\/p>\n<p>Versatilidad: puede aplicarse en sillas, muebles y tambi\u00e9n en otros objetos del hogar o la oficina.<\/p>\n<p>Protecci\u00f3n: ayuda a prevenir la corrosi\u00f3n y facilita futuros mantenimientos.<\/p>\n<p>Eficiencia: permite ahorrar tiempo y esfuerzo en la reparaci\u00f3n o reemplazo de piezas.<\/p>\n<p>El Aflojatodo Vistony no solo est\u00e1 pensado para el sector automotriz o industrial, sino que tambi\u00e9n se adapta perfectamente a las necesidades de quienes buscan un mantenimiento sencillo y pr\u00e1ctico en mobiliario.<\/p>\n<p>En conclusi\u00f3n, el Aflojatodo Vistony es un producto indispensable si deseas mantener tus sillas en perfecto estado, realizar cambios de repuestos sin complicaciones y asegurar que cada reparaci\u00f3n sea r\u00e1pida, segura y eficaz.<\/p>\n","protected":false},"excerpt":{"rendered":"<p>El Aflojatodo Vistony es el aliado perfecto para el mantenimiento y reparaci\u00f3n de tus sillas de oficina, gamer o de hogar. Su f\u00f3rmula especializada ha sido dise\u00f1ada para penetrar r\u00e1pidamente en zonas oxidadas o ajustadas, facilitando la liberaci\u00f3n de piezas atascadas sin da\u00f1ar los componentes.<\/p>\n<p><a href=\"https:\/\/www.facebook.com\/Olympo.CORP\/\" target=\"_blank\" rel=\"noopener\">Visitar las redes de Olympo<\/a><\/p>\n","protected":false},"featured_media":1880,"comment_status":"open","ping_status":"closed","template":"","meta":[],"product_brand":[73],"product_cat":[49],"product_tag":[],"class_list":{"0":"post-1758","1":"product","2":"type-product","3":"status-publish","4":"has-post-thumbnail","6":"product_brand-vistony","7":"product_cat-accesorios","8":"product_shipping_class-repuestos","10":"first","11":"instock","12":"taxable","13":"shipping-taxable","14":"purchasable","15":"product-type-simple","16":"add-to-wishlist-before_image"},"_links":{"self":[{"href":"https:\/\/olympomarket.com\/index.php\/wp-json\/wp\/v2\/product\/1758","targetHints":{"allow":["GET"]}}],"collection":[{"href":"https:\/\/olympomarket.com\/index.php\/wp-json\/wp\/v2\/product"}],"about":[{"href":"https:\/\/olympomarket.com\/index.php\/wp-json\/wp\/v2\/types\/product"}],"replies":[{"embeddable":true,"href":"https:\/\/olympomarket.com\/index.php\/wp-json\/wp\/v2\/comments?post=1758"}],"wp:featuredmedia":[{"embeddable":true,"href":"https:\/\/olympomarket.com\/index.php\/wp-json\/wp\/v2\/media\/1880"}],"wp:attachment":[{"href":"https:\/\/olympomarket.com\/index.php\/wp-json\/wp\/v2\/media?parent=1758"}],"wp:term":[{"taxonomy":"product_brand","embeddable":true,"href":"https:\/\/olympomarket.com\/index.php\/wp-json\/wp\/v2\/product_brand?post=1758"},{"taxonomy":"product_cat","embeddable":true,"href":"https:\/\/olympomarket.com\/index.php\/wp-json\/wp\/v2\/product_cat?post=1758"},{"taxonomy":"product_tag","embeddable":true,"href":"https:\/\/olympomarket.com\/index.php\/wp-json\/wp\/v2\/product_tag?post=1758"}],"curies":[{"name":"wp","href":"https:\/\/api.w.org\/{rel}","templated":true}]}}