{"id":1725,"date":"2025-09-25T14:28:03","date_gmt":"2025-09-25T19:28:03","guid":{"rendered":"https:\/\/olympomarket.com\/?post_type=product&#038;p=1725"},"modified":"2026-04-01T15:53:29","modified_gmt":"2026-04-01T20:53:29","slug":"promo-2-sillas-atlantis-ergonomic","status":"publish","type":"product","link":"https:\/\/olympomarket.com\/index.php\/product\/promo-2-sillas-atlantis-ergonomic\/","title":{"rendered":"PROMO | 2 Sillas Atlantis Ergonomic"},"content":{"rendered":"<p>La Ergonomic es la opci\u00f3n ideal para quienes buscan una silla pr\u00e1ctica, accesible y confiable para el d\u00eda a d\u00eda en la oficina o en casa. Dise\u00f1ada para brindar una ergonom\u00eda b\u00e1sica, ofrece el soporte necesario para mantener una postura c\u00f3moda durante varias horas de trabajo, estudio o reuniones.<\/p>\n<p>Uno de sus principales atributos es su capacidad de resistencia de hasta 120 kg, lo que la convierte en una alternativa segura y duradera para distintos tipos de usuarios. Su estructura s\u00f3lida se complementa con un aspa de hierro cromado, aportando estabilidad y un acabado elegante que se adapta f\u00e1cilmente a cualquier espacio de trabajo.<\/p>\n<p>Las ruedas de goma reforzada garantizan un desplazamiento suave sobre distintos tipos de superficies, evitando rayaduras en pisos y ofreciendo mayor durabilidad frente al uso constante. Adem\u00e1s, incorpora un sistema de reclinaci\u00f3n por balanceo, que permite un movimiento natural para liberar tensi\u00f3n durante las pausas y lograr una experiencia m\u00e1s relajada en la jornada.<\/p>\n<p>Gracias a estas caracter\u00edsticas, la Ergonomic no solo cumple con las funciones esenciales de una silla de oficina, sino que tambi\u00e9n equilibra correctamente la relaci\u00f3n entre calidad y precio. Es una elecci\u00f3n pensada para quienes necesitan comodidad b\u00e1sica y confianza en un producto que acompa\u00f1ar\u00e1 las horas de productividad diaria.<\/p>\n<p>Con la Ergonomic, tendr\u00e1s una silla econ\u00f3mica, funcional y dise\u00f1ada para cubrir lo necesario en ergonom\u00eda sin sacrificar resistencia ni estilo.<\/p>\n","protected":false},"excerpt":{"rendered":"<p>La Ergonomic es la opci\u00f3n ideal para quienes buscan una silla pr\u00e1ctica, accesible y confiable para el d\u00eda a d\u00eda en la oficina o en casa. Dise\u00f1ada para brindar una ergonom\u00eda b\u00e1sica, ofrece el soporte necesario para mantener una postura c\u00f3moda durante varias horas de trabajo, estudio o reuniones.<\/p>\n<p><a href=\"https:\/\/olympomarket.com\/wp-content\/uploads\/2025\/07\/Ergo_Ficha-Tecnica.pdf\"><strong>Ergo_Ficha T\u00e9cnica.pdf<\/strong><\/a><\/p>\n<p><a href=\"https:\/\/www.facebook.com\/Olympo.CORP\/\" target=\"_blank\" rel=\"noopener\">Visitar las redes de Olympo<\/a><\/p>\n","protected":false},"featured_media":2054,"comment_status":"open","ping_status":"closed","template":"","meta":[],"product_brand":[],"product_cat":[21],"product_tag":[],"class_list":{"0":"post-1725","1":"product","2":"type-product","3":"status-publish","4":"has-post-thumbnail","6":"product_cat-ejecutivas","7":"product_shipping_class-sillas-de-oficina","9":"first","10":"instock","11":"taxable","12":"shipping-taxable","13":"purchasable","14":"product-type-simple","15":"add-to-wishlist-before_image"},"_links":{"self":[{"href":"https:\/\/olympomarket.com\/index.php\/wp-json\/wp\/v2\/product\/1725","targetHints":{"allow":["GET"]}}],"collection":[{"href":"https:\/\/olympomarket.com\/index.php\/wp-json\/wp\/v2\/product"}],"about":[{"href":"https:\/\/olympomarket.com\/index.php\/wp-json\/wp\/v2\/types\/product"}],"replies":[{"embeddable":true,"href":"https:\/\/olympomarket.com\/index.php\/wp-json\/wp\/v2\/comments?post=1725"}],"wp:featuredmedia":[{"embeddable":true,"href":"https:\/\/olympomarket.com\/index.php\/wp-json\/wp\/v2\/media\/2054"}],"wp:attachment":[{"href":"https:\/\/olympomarket.com\/index.php\/wp-json\/wp\/v2\/media?parent=1725"}],"wp:term":[{"taxonomy":"product_brand","embeddable":true,"href":"https:\/\/olympomarket.com\/index.php\/wp-json\/wp\/v2\/product_brand?post=1725"},{"taxonomy":"product_cat","embeddable":true,"href":"https:\/\/olympomarket.com\/index.php\/wp-json\/wp\/v2\/product_cat?post=1725"},{"taxonomy":"product_tag","embeddable":true,"href":"https:\/\/olympomarket.com\/index.php\/wp-json\/wp\/v2\/product_tag?post=1725"}],"curies":[{"name":"wp","href":"https:\/\/api.w.org\/{rel}","templated":true}]}}